 is the remainder when 183 is divided by 87?
9
What is the remainder when 194 is divided by 11?
7
What is the remainder when 50 is divided by 26?
24
What is the remainder when 1469 is divided by 6?
5
Calculate the remainder when 3606 is divided by 88.
86
What is the remainder when 9746 is divided by 125?
121
What is the remainder when 111 is divided by 28?
27
What is the remainder when 5074 is divided by 108?
106
What is the remainder when 570 is divided by 115?
110
Calculate the remainder when 6928 is divided by 30.
28
What is the remainder when 371 is divided by 12?
11
What is the remainder when 146 is divided by 13?
3
What is the remainder when 615 is divided by 304?
7
What is the remainder when 30 is divided by 18?
12
Calculate the remainder when 43 is divided by 18.
7
Calculate the remainder when 1561 is divided by 34.
31
What is the remainder when 125 is divided by 6?
5
What is the remainder when 378 is divided by 36?
18
Calculate the remainder when 229 is divided by 67.
28
What is the remainder when 71 is divided by 15?
11
What is the remainder when 87 is divided by 55?
32
What is the remainder when 398 is divided by 25?
23
Calculate the remainder when 4264 is divided by 97.
93
What is the remainder when 1936 is divided by 68?
32
What is the remainder when 1788 is divided by 75?
63
Calculate the remainder when 179 is divided by 159.
20
What is the remainder when 4211 is divided by 8?
3
Calculate the remainder when 44043 is divided by 242.
241
Calculate the remainder when 165 is divided by 44.
33
Calculate the remainder when 92 is divided by 16.
12
What is the remainder when 1392 is divided by 460?
12
Calculate the remainder when 660 is divided by 39.
36
Calculate the remainder when 562 is divided by 7.
2
Calculate the remainder when 336 is divided by 89.
69
What is the remainder when 263 is divided by 66?
65
What is the remainder when 500 is divided by 36?
32
Calculate the remainder when 701 is divided by 72.
53
What is the remainder when 132 is divided by 56?
20
What is the remainder when 1482 is divided by 150?
132
What is the remainder when 1148 is divided by 50?
48
What is the remainder when 90 is divided by 46?
44
Calculate the remainder when 429 is divided by 74.
59
Calculate the remainder when 166 is divided by 43.
37
What is the remainder when 104 is divided by 15?
14
What is the remainder when 460 is divided by 15?
10
What is the remainder when 866 is divided by 352?
162
What is the remainder when 719 is divided by 33?
26
Calculate the remainder when 394 is divided by 188.
18
What is the remainder when 305 is divided by 12?
5
What is the remainder when 117 is divided by 109?
8
Calculate the remainder when 1620 is divided by 804.
12
Calculate the remainder when 311 is divided by 26.
25
Calculate the remainder when 142 is divided by 59.
24
Calculate the remainder when 294 is divided by 84.
42
Calculate the remainder when 195 is divided by 14.
13
What is the remainder when 1071 is divided by 377?
317
What is the remainder when 31 is divided by 12?
7
What is the remainder when 1185 is divided by 559?
67
Calculate the remainder when 290 is divided by 75.
65
Calculate the remainder when 787 is divided by 52.
7
Calculate the remainder when 23251 is divided by 22.
19
What is the remainder when 111 is divided by 50?
11
What is the remainder when 20157 is divided by 7?
4
Calculate the remainder when 1666 is divided by 133.
70
What is the remainder when 514 is divided by 58?
50
What is the remainder when 143 is divided by 13?
0
Calculate the remainder when 4056 is divided by 145.
141
What is the remainder when 20 is divided by 7?
6
Calculate the remainder when 1498 is divided by 94.
88
What is the remainder when 108 is divided by 15?
3
Calculate the remainder when 543 is divided by 17.
16
What is the remainder when 3436 is divided by 1691?
54
Calculate the remainder when 395 is divided by 27.
17
Calculate the remainder when 887 is divided by 235.
182
What is the remainder when 125 is divided by 86?
39
What is the remainder when 119 is divided by 42?
35
What is the remainder when 24 is divided by 13?
11
What is the remainder when 2996 is divided by 120?
116
Calculate the remainder when 997 is divided by 17.
11
Calculate the remainder when 393 is divided by 49.
1
What is the remainder when 3139 is divided by 1044?
7
What is the remainder when 639 is divided by 40?
39
What is the remainder when 81 is divided by 28?
25
What is the remainder when 1828 is divided by 39?
34
What is the remainder when 246 is divided by 14?
8
Calculate the remainder when 34455 is divided by 17.
13
Calculate the remainder when 215 is divided by 54.
53
What is the remainder when 349 is divided by 55?
19
What is the remainder when 208 is divided by 61?
25
Calculate the remainder when 898 is divided by 90.
88
Calculate the remainder when 147 is divided by 89.
58
What is the remainder when 161 is divided by 124?
37
Calculate the remainder when 366 is divided by 16.
14
Calculate the remainder when 468 is divided by 65.
13
Calculate the remainder when 662 is divided by 17.
16
Calculate the remainder when 196 is divided by 4.
0
Calculate the remainder when 186 is divided by 48.
42
What is the remainder when 153 is divided by 43?
24
Calculate the remainder when 7493 is divided by 7.
3
What is the remainder when 744 is divided by 125?
119
Calculate the remainder when 582 is divided by 190.
12
Calculate the remainder when 1923 is divided by 28.
19
Calculate the remainder when 1747 is divided by 218.
3
What is the remainder when 237 is divided by 11?
6
Calculate the remainder when 164 is divided by 160.
4
What is the remainder when 59 is divided by 36?
23
What is the remainder when 54 is divided by 45?
9
What is the remainder when 218 is divided by 80?
58
What is the remainder when 42 is divided by 32?
10
What is the remainder when 275 is divided by 20?
15
Calculate the remainder when 898 is divided by 75.
73
Calculate the remainder when 2583 is divided by 23.
7
Calculate the remainder when 14074 is divided by 19.
14
What is the remainder when 84 is divided by 62?
22
What is the remainder when 120 is divided by 31?
27
Calculate the remainder when 22 is divided by 8.
6
Calculate the remainder when 334 is divided by 179.
155
What is the remainder when 53 is divided by 18?
17
What is the remainder when 181 is divided by 14?
13
What is the remainder when 1251 is divided by 1244?
7
What is the remainder when 919 is divided by 241?
196
Calculate the remainder when 203 is divided by 12.
11
What is the remainder when 822 is divided by 11?
8
What is the remainder when 173 is divided by 82?
9
Calculate the remainder when 78 is divided by 27.
24
What is the remainder when 18 is divided by 2?
0
Calculate the remainder when 936 is divided by 70.
26
What is the remainder when 690 is divided by 66?
30
Calculate the remainder when 98 is divided by 3.
2
Calculate the remainder when 3076 is divided by 38.
36
What is the remainder when 251 is divided by 7?
6
Calculate the remainder when 1552 is divided by 210.
82
Calculate the remainder when 96 is divided by 37.
22
What is the remainder when 34 is divided by 17?
0
Calculate the remainder when 20 is divided by 2.
0
What is the remainder when 75 is divided by 43?
32
Calculate the remainder when 279 is divided by 47.
44
What is the remainder when 465 is divided by 18?
15
Calculate the remainder when 219 is divided by 77.
65
Calculate the remainder when 223 is divided by 56.
55
Calculate the remainder when 376 is divided by 21.
19
Calculate the remainder when 150 is divided by 49.
3
Calculate the remainder when 109 is divided by 55.
54
Calculate the remainder when 1014 is divided by 57.
45
Calculate the remainder when 1499 is divided by 40.
19
What is the remainder when 766 is divided by 124?
22
Calculate the remainder when 12282 is divided by 65.
62
What is the remainder when 450 is divided by 5?
0
What is the remainder when 351 is divided by 81?
27
Calculate the remainder when 27784 is divided by 12.
4
Calculate the remainder when 11936 is divided by 127.
125
What is the remainder when 101 is divided by 36?
29
Calculate the remainder when 388 is divided by 17.
14
Calculate the remainder when 605 is divided by 7.
3
Calculate the remainder whe